alse
Is 9301624813 a prime number?
False
Is 133161009 a composite number?
True
Is 144846624323 composite?
True
Is 1041289999 a prime number?
True
Is 941028563 a prime number?
True
Is 18680814983 a composite number?
False
Is 560173381 prime?
False
Is 642921113 a prime number?
False
Is 1167400109 a prime number?
False
Is 325333763 a composite number?
True
Is 101491090269 a composite number?
True
Is 159659023739 a composite number?
False
Is 213054949 composite?
False
Is 476804963 a prime number?
False
Is 3006592363 a composite number?
False
Is 7162480081 a prime number?
False
Is 51040383983 a composite number?
False
Is 287993549747 a prime number?
True
Is 2495839873 a composite number?
False
Is 4125555191 prime?
True
Is 4820968877 a prime number?
False
Is 543462629 prime?
False
Is 29936999933 a prime number?
True
Is 2664773519 prime?
True
Is 5410552687 composite?
False
Is 2698351691 composite?
True
Is 86683337 prime?
False
Is 1594939247 a prime number?
False
Is 183076957 a composite number?
True
Is 5032356671 composite?
True
Is 10255140473 composite?
True
Is 18816575501 composite?
True
Is 1778096237 composite?
False
Is 212810101 a composite number?
True
Is 1392496447 a prime number?
True
Is 234864857 a prime number?
True
Is 831574763 a composite number?
False
Is 14709717073 a prime number?
True
Is 2718582709 composite?
True
Is 76080777 prime?
False
Is 97616983 prime?
False
Is 2332674649 a prime number?
False
Is 1216532761 composite?
True
Is 5145488057 a composite number?
False
Is 210965047 prime?
False
Is 39435595663 composite?
True
Is 75748441081 prime?
True
Is 16380509 a composite number?
False
Is 3606244771 prime?
False
Is 2301291059 composite?
True
Is 4384217213 a prime number?
True
Is 4736644361 prime?
True
Is 6359019383 a composite number?
False
Is 218780213 composite?
True
Is 1327531379 a prime number?
True
Is 867836779 a prime number?
False
Is 26123957861 composite?
False
Is 2448155753 composite?
False
Is 44979180593 prime?
True
Is 89616037681 a prime number?
False
Is 2250529871 composite?
False
Is 831557359 a composite number?
True
Is 3595001057 a composite number?
True
Is 800294335 composite?
True
Is 2958156391 prime?
True
Is 52517333003 a composite number?
False
Is 76462211557 prime?
True
Is 1144970449 prime?
False
Is 1536983507 composite?
False
Is 66213647099 a prime number?
True
Is 4093377401 prime?
True
Is 6116124431 a composite number?
True
Is 17331949237 a composite number?
True
Is 1573908247 a prime number?
True
Is 20023723151 prime?
True
Is 8611176647 prime?
False
Is 6733104089 a prime number?
True
Is 333733097 composite?
True
Is 672258063 a composite number?
True
Is 271369207 composite?
False
Is 36592682993 prime?
False
Is 6479281517 prime?
True
Is 174990841 prime?
True
Is 42224090861 composite?
False
Is 837872333 composite?
False
Is 512427317 composite?
False
Is 3360322643 a composite number?
False
Is 483501869 prime?
False
Is 21165814967 a prime number?
False
Is 623998224377 a prime number?
False
Is 304743331 prime?
True
Is 4592097281 a prime number?
True
Is 12267624203 composite?
True
Is 1639045673 prime?
False
Is 5087711053 prime?
False
Is 4066631663 a prime number?
True
Is 120690888833 prime?
False
Is 21111157517 prime?
False
Is 12490590815 prime?
False
Is 914483383 a composite number?
True
Is 433777501 composite?
True
Is 213990113 composite?
False
Is 6839339134 a prime number?
False
Is 2198916043 prime?
False
Is 472723987 prime?
True
Is 607512637 a composite number?
False
Is 57083666455 a composite number?
True
Is 6352821857 a prime number?
False
Is 1197724789 a composite number?
False
Is 3770432831 prime?
False
Is 692493377 a prime number?
True
Is 2103877459 prime?
False
Is 422747737 a composite number?
False
Is 10828620393 composite?
True
Is 1417875671 prime?
True
Is 962982169 prime?
False
Is 65628536563 composite?
True
Is 3778068607 composite?
False
Is 2237340703 a prime number?
False
Is 232816531 composite?
True
Is 7797396457 a composite number?
False
Is 37389006713 a composite number?
True
Is 138329383 composite?
True
Is 3609161 prime?
True
Is 3305954199 a composite number?
True
Is 7368396809 a composite number?
True
Is 4643907959 a composite number?
False
Is 51173197643 a prime number?
False
Is 76230269 a composite number?
False
Is 68564542933 composite?
False
Is 1066669761 a prime number?
False
Is 857042117 prime?
False
Is 61849190647 composite?
True
Is 14373740903 a composite number?
True
Is 253767203 a composite number?
False
Is 35157740077 composite?
False
Is 39296428439 a prime number?
True
Is 20544248906 a prime number?
False
Is 101490217 a composite number?
False
Is 26315965933 a prime number?
True
Is 700204691 composite?
False
Is 2953354877 a prime number?
False
Is 754758859 prime?
True
Is 514397239 composite?
False
Is 3683678351 a composite number?
True
Is 2275060613 a prime number?
False
Is 20295578837 a prime number?
True
Is 47723202183 prime?
False
Is 55152382021 a prime number?
False
Is 6374592709 a composite number?
False
Is 925086599 composite?
False
Is 223446677 a composite number?
True
Is 299559257 a composite number?
False
Is 41437944619 composite?
True
Is 6656345879 prime?
False
Is 674570173 a prime number?
True
Is 490002677 a composite number?
True
Is 15584504743 a composite number?
True
Is 6716254477 prime?
False
Is 4731259421 a prime number?
False
Is 40271625517 a prime number?
True
Is 17511759781 composite?
False
Is 299650811 a composite number?
False
Is 9144217931 a composite number?
False
Is 109511256599 a composite number?
False
Is 394574651 a prime number?
True
Is 47795326421 a composite number?
True
Is 88420522703 prime?
True
Is 38090304571 a prime number?
False
Is 7292483729 a prime number?
True
Is 759874373 a prime number?
True
Is 1790142121 composite?
True
Is 26408611 a composite number?
True
Is 6370186189 prime?
True
Is 15064036901 a prime number?
False
Is 145499451653 prime?
True
Is 4858132557 a prime number?
False
Is 13457630987 a prime number?
True
Is 93229393 a composite number?
False
Is 386194709 prime?
True
Is 58719971801 a prime number?
True
Is 1107670561 prime?
True
Is 409261469 composite?
False
Is 54919338317 a composite number?
True
Is 5109257051 composite?
False
Is 30125660417 a composite number?
False
Is 36790007087 a composite number?
True
Is 11645229787 a composite number?
False
Is 3162403199 composite?
False
Is 4009976497 a composite number?
False
Is 8397345113 composite?
False
Is 9798213317 composite?
False
Is 55816587923 composite?
False
Is 16328419373 prime?
False
Is 2148876061 composite?
False
Is 7892131547 a composite number?
False
Is 81346846369 a prime number?
False
Is 4713551663 a composite number?
True
Is 363741737 a prime number?
False
Is 30136438397 a composite number?
True
Is 287505103 prime?
True
Is 2234009301 composite?
True
Is 112165481 prime?
True
Is 2371435321 a prime number?
False
Is 10324511489 a prime number?
True
Is 181244787 a composite number?
True
Is 12198469747 composite?
True
Is 5792879663 composite?
True
Is 53459971 prime?
True
Is 362317721 prime?
False
Is 312554309 a prime number?
True
Is 338127511 a composite number?
True
Is 18897391069 a prime number?
False
Is 2100555929 a prime number?
True
Is 392665811 prime?
True
Is 203974295947 composite?
False
Is 1011040843 a prime number?
True
Is 258600450737 prime?
True
Is 13641356437 prime?
True
Is 12177159703 prime?
True
Is 3122866007 a composite number?
True
Is 4525920241 a prime number?
True
Is 14451541103 prime?
True
Is 591766467 a composite number?
True
Is 5003537821 prime?
True
Is 770590061 a prime number?
True
Is 35201180071 composite?
True
Is 1858310393 composite?
True
Is 2447787379 prime?
True
Is 27267259073 a composite number?
True
Is 7761092263 prime?
False
Is 85489621759 prime?
False
Is 352540973 composite?
False
Is 989155738 a composite number?
True
Is 420888137 composite?
True
Is 2395462067 composite?
True
Is 22102292939 a prime number?
True
Is 18666938881 a prime number?
False
Is 1217495753 composite?
True
Is 72018449603 a prime number?
True
Is 58388833 prime?
True
Is 318004199 prime?
False
Is 71665558451 prime?
True
Is 1191400487 a composite number?
False
Is 10161023659 prime?
True
Is 15488597545 a prime number?
False
Is 265035011 prime?
False
Is 620103439 prime?
True
Is 9494494